n factor of 11258676 and 7436?
572
What is the greatest common divisor of 362603 and 395654?
479
Calculate the greatest common factor of 27290 and 271884812.
5458
What is the greatest common factor of 44 and 109475668?
4
What is the highest common factor of 440 and 22920200?
40
What is the highest common factor of 58548 and 38856?
12
What is the greatest common factor of 306009 and 107305?
11
Calculate the greatest common divisor of 21 and 2174851.
7
What is the highest common factor of 7939 and 538918?
467
Calculate the greatest common divisor of 6440272 and 80.
16
What is the highest common divisor of 8059 and 1256752696?
8059
Calculate the greatest common divisor of 172 and 381692.
4
What is the highest common divisor of 1804 and 48433464?
164
What is the highest common divisor of 38731 and 1358100?
503
What is the greatest common factor of 21312 and 190894248?
2664
Calculate the highest common divisor of 882 and 9653000.
98
Calculate the greatest common factor of 7256103 and 6.
3
Calculate the highest common factor of 37366 and 527.
17
Calculate the highest common divisor of 24777135 and 243.
9
Calculate the highest common divisor of 13340 and 11692075.
145
Calculate the highest common divisor of 1471750 and 10382.
58
What is the highest common factor of 68928 and 16932594?
2154
Calculate the highest common factor of 207620 and 217140.
140
Calculate the highest common divisor of 6304666 and 2.
2
Calculate the greatest common divisor of 34 and 1370875682.
34
What is the highest common factor of 3603780 and 780?
60
Calculate the highest common divisor of 246 and 57215787.
123
What is the greatest common factor of 750 and 1537325?
25
Calculate the highest common divisor of 21 and 4714647.
21
What is the highest common divisor of 1705777 and 28213?
317
Calculate the greatest common divisor of 1294758 and 17037.
27
What is the greatest common divisor of 273573 and 107915?
113
Calculate the highest common factor of 35079 and 160897.
11
What is the greatest common factor of 124 and 424569242?
62
Calculate the greatest common divisor of 445 and 2205509.
89
What is the greatest common divisor of 8711 and 136847?
281
Calculate the greatest common factor of 8244 and 512883972.
8244
What is the greatest common divisor of 7023481 and 47675?
1907
What is the greatest common divisor of 29001726 and 879?
879
What is the highest common factor of 1176 and 148513708?
196
Calculate the highest common factor of 24090 and 34668722.
1606
What is the highest common factor of 1950939 and 6156?
513
What is the greatest common divisor of 357898 and 13155754?
2402
Calculate the greatest common divisor of 13439 and 229067.
151
What is the highest common divisor of 5325 and 381838?
71
What is the greatest common divisor of 42173 and 2430889?
233
What is the highest common factor of 342 and 84226734?
342
Calculate the highest common factor of 46 and 16263415.
23
Calculate the highest common divisor of 1158 and 34261746.
1158
What is the highest common factor of 167895 and 164697?
1599
What is the highest common factor of 32 and 1054048?
32
Calculate the greatest common divisor of 292 and 548107579.
73
Calculate the highest common divisor of 252056 and 27649.
643
Calculate the highest common factor of 34236 and 155013.
951
Calculate the greatest common factor of 32325 and 2680820.
2155
Calculate the highest common divisor of 63073379 and 3412.
853
Calculate the highest common divisor of 449376 and 52548.
1812
What is the highest common factor of 6144014 and 186?
62
Calculate the greatest common factor of 658 and 43012473.
329
Calculate the highest common divisor of 14170 and 1598376.
2834
Calculate the highest common divisor of 1426 and 16663523.
713
What is the highest common divisor of 1261334 and 1387?
19
Calculate the greatest common divisor of 79654356 and 170628.
2892
Calculate the highest common factor of 129740674 and 42.
14
What is the highest common factor of 34408 and 74129?
253
What is the greatest common factor of 32310272 and 3859?
227
What is the highest common divisor of 460 and 4065135?
115
Calculate the highest common divisor of 7431801 and 195.
39
Calculate the greatest common factor of 2648778 and 16173.
1797
What is the highest common divisor of 16 and 1120072?
8
Calculate the highest common factor of 8366 and 177572533.
4183
Calculate the greatest common factor of 470496 and 3512886.
2262
What is the greatest common divisor of 244680 and 123960?
120
What is the highest common divisor of 7484569 and 251?
251
What is the greatest common divisor of 232449 and 1134?
21
What is the greatest common divisor of 1472 and 2691828?
92
What is the greatest common factor of 159312 and 4264915?
3319
What is the greatest common divisor of 1008 and 975600?
144
What is the highest common divisor of 31033884 and 820?
164
Calculate the highest common factor of 7132 and 79899796.
7132
What is the greatest common factor of 2639 and 6173999?
13
What is the greatest common divisor of 19618140 and 218115?
555
Calculate the highest common divisor of 27159 and 48785.
11
What is the greatest common divisor of 145878 and 15006?
246
What is the greatest common factor of 2343 and 878361?
33
Calculate the highest common divisor of 8775 and 36268425.
675
What is the greatest common divisor of 9188 and 139379663?
2297
What is the highest common divisor of 151470 and 112557?
51
What is the highest common divisor of 2915 and 23060565?
2915
What is the greatest common factor of 15488340 and 10920?
420
Calculate the highest common factor of 46452556 and 688.
172
Calculate the highest common divisor of 7497443 and 3670.
367
What is the highest common factor of 1584782 and 28954?
62
What is the greatest common factor of 2282 and 11231678?
326
Calculate the greatest common divisor of 25642108 and 358.
358
Calculate the greatest common factor of 29493863 and 7693.
1099
What is the greatest common divisor of 2302703 and 2405?
13
What is the highest common factor of 1628 and 82309238?
814
Calculate the greatest common factor of 129102935 and 65.
65
Calculate the highest common factor of 352886 and 3343322.
3638
What is the greatest common factor of 45432 and 2091134?
1262
What is the highest common divisor of 529 and 176546873?
529
What is the greatest common divisor of 7353387 and 3741?
129
What is the highest common factor of 436 and 27273762?
218
Calculate the greatest common divisor of 1245 and 992760.
15
Calculate the highest common factor of 4561804 and 49868.
52
What is the highest common factor of 48 and 9577020?
12
Calculate the highest common factor of 129 and 160470.
3
Calculate the greatest common divisor of 58159 and 3477.
19
What is the highest common divisor of 4152097 and 901?
17
What is the highest common factor of 124001437 and 202?
101
What is the greatest common divisor of 592 and 27142534?
74
What is the highest common divisor of 4147815 and 1645?
35
Calculate the highest common factor of 8775771 and 692.
173
Calculate the greatest common factor of 18998 and 1648479.
161
Calculate the greatest common divisor of 425600 and 51100.
700
What is the greatest common divisor of 1851385821 and 4943?
4943
Calculate the greatest common factor of 687 and 56811.
3
What is the greatest common divisor of 120 and 64467675?
15
What is the highest common factor of 19107 and 39996?
99
What is the highest common divisor of 13882483 and 11096?
1387
Calculate the greatest common divisor of 1253691693 and 5598.
2799
What is the greatest common factor of 17713043 and 43149?
757
Calculate the greatest common factor of 6636 and 2105901.
21
What is the highest common divisor of 48581 and 212706?
1313
Calculate the highest common factor of 337112400 and 50.
50
Calculate the greatest common factor of 469 and 9650144.
469
Calculate the greatest common factor of 358568 and 30058.
266
What is the greatest common divisor of 310 and 4401721?
31
What is the highest common factor of 303886988 and 786?
262
Calculate the highest common factor of 7714278 and 1628.
814
Calculate the highest common divisor of 5610784 and 1454456.
5176
Calculate the greatest common divisor of 312 and 27904812.
156
What is the greatest common factor of 163562 and 5980027?
1669
What is the highest common factor of 9555812 an